{"id":507,"date":"2013-10-12T11:41:49","date_gmt":"2013-10-12T10:41:49","guid":{"rendered":"http:\/\/netzwerk-der-nachhaltigkeit.de\/?page_id=507"},"modified":"2013-10-12T11:41:49","modified_gmt":"2013-10-12T10:41:49","slug":"katzenbande","status":"publish","type":"page","link":"https:\/\/www.mimmis-tierhilfe.de\/?page_id=507","title":{"rendered":"Katzenbande"},"content":{"rendered":"<p><strong>Paulchen, Herr im Ring<\/strong><\/p>\n<p><a href=\"http:\/\/www.mimmis-katzenshop.de\/wp-content\/uploads\/2013\/10\/IMG_2354.jpg\"><img loading=\"lazy\" decoding=\"async\" class=\"alignnone size-full wp-image-524\" alt=\"Paulchen\" src=\"http:\/\/www.mimmis-katzenshop.de\/wp-content\/uploads\/2013\/10\/IMG_2354.jpg\" width=\"2352\" height=\"1568\" srcset=\"https:\/\/www.mimmis-tierhilfe.de\/wp-content\/uploads\/2013\/10\/IMG_2354.jpg 2352w, https:\/\/www.mimmis-tierhilfe.de\/wp-content\/uploads\/2013\/10\/IMG_2354-300x200.jpg 300w, https:\/\/www.mimmis-tierhilfe.de\/wp-content\/uploads\/2013\/10\/IMG_2354-768x512.jpg 768w, https:\/\/www.mimmis-tierhilfe.de\/wp-content\/uploads\/2013\/10\/IMG_2354-1024x683.jpg 1024w, https:\/\/www.mimmis-tierhilfe.de\/wp-content\/uploads\/2013\/10\/IMG_2354-570x380.jpg 570w\" sizes=\"auto, (max-width: 2352px) 100vw, 2352px\" \/><\/a><\/p>\n<p>Paulchen haben wir im Jahr 2004 als Katzenbaby im Wald gefunden. Seine Geschwister konnten vermittelt werden, Paulchen wollte bei uns bleiben.<\/p>\n<p><strong>Happy, die Diva<\/strong><\/p>\n<p><a href=\"http:\/\/www.mimmis-katzenshop.de\/wp-content\/uploads\/2013\/10\/IMG_9724.jpg\"><img loading=\"lazy\" decoding=\"async\" class=\"alignnone size-full wp-image-519\" alt=\"IMG_9724\" src=\"http:\/\/www.mimmis-katzenshop.de\/wp-content\/uploads\/2013\/10\/IMG_9724.jpg\" width=\"2352\" height=\"1568\" srcset=\"https:\/\/www.mimmis-tierhilfe.de\/wp-content\/uploads\/2013\/10\/IMG_9724.jpg 2352w, https:\/\/www.mimmis-tierhilfe.de\/wp-content\/uploads\/2013\/10\/IMG_9724-300x200.jpg 300w, https:\/\/www.mimmis-tierhilfe.de\/wp-content\/uploads\/2013\/10\/IMG_9724-768x512.jpg 768w, https:\/\/www.mimmis-tierhilfe.de\/wp-content\/uploads\/2013\/10\/IMG_9724-1024x683.jpg 1024w, https:\/\/www.mimmis-tierhilfe.de\/wp-content\/uploads\/2013\/10\/IMG_9724-570x380.jpg 570w\" sizes=\"auto, (max-width: 2352px) 100vw, 2352px\" \/><\/a><\/p>\n<p>Happy stand 2005 bei uns vor der T\u00fcr. Sie war noch ein kleines K\u00e4tzchen, das nirgendwo vermisst wurde. Also blieb sie bei uns. Sie ist eine excellente J\u00e4gerin und verbringt den ganzen Sommer drau\u00dfen. Und sie ist eine Diva.<\/p>\n<p><strong>Ramsis<\/strong><\/p>\n<p><a href=\"http:\/\/www.mimmis-katzenshop.de\/wp-content\/uploads\/2013\/10\/IMG_2269.jpg\"><img loading=\"lazy\" decoding=\"async\" class=\"alignnone size-full wp-image-522\" alt=\"IMG_2269\" src=\"http:\/\/www.mimmis-katzenshop.de\/wp-content\/uploads\/2013\/10\/IMG_2269.jpg\" width=\"2352\" height=\"1568\" srcset=\"https:\/\/www.mimmis-tierhilfe.de\/wp-content\/uploads\/2013\/10\/IMG_2269.jpg 2352w, https:\/\/www.mimmis-tierhilfe.de\/wp-content\/uploads\/2013\/10\/IMG_2269-300x200.jpg 300w, https:\/\/www.mimmis-tierhilfe.de\/wp-content\/uploads\/2013\/10\/IMG_2269-768x512.jpg 768w, https:\/\/www.mimmis-tierhilfe.de\/wp-content\/uploads\/2013\/10\/IMG_2269-1024x683.jpg 1024w, https:\/\/www.mimmis-tierhilfe.de\/wp-content\/uploads\/2013\/10\/IMG_2269-570x380.jpg 570w\" sizes=\"auto, (max-width: 2352px) 100vw, 2352px\" \/><\/a><\/p>\n<p>Ramsis ist unsere erste Pflegekatze. Sie kam als Katzenkind zusammen mit ihren Schwestern Rosalie und Ronja zu uns. Im Impfpass stand Kater, also hiess sie Ramsis. Erst sp\u00e4ter wurde uns klar, es ist ein M\u00e4dchen. Der Name blieb. Ronja hat keine Angst vor nix und niemand und ist die Katze ihrers Herrchens.<\/p>\n<p><strong>Ronja<\/strong><\/p>\n<p><a href=\"http:\/\/www.mimmis-katzenshop.de\/wp-content\/uploads\/2013\/10\/ronja.jpg\"><img loading=\"lazy\" decoding=\"async\" class=\"alignnone size-full wp-image-528\" alt=\"ronja\" src=\"http:\/\/www.mimmis-katzenshop.de\/wp-content\/uploads\/2013\/10\/ronja.jpg\" width=\"900\" height=\"598\" srcset=\"https:\/\/www.mimmis-tierhilfe.de\/wp-content\/uploads\/2013\/10\/ronja.jpg 900w, https:\/\/www.mimmis-tierhilfe.de\/wp-content\/uploads\/2013\/10\/ronja-300x199.jpg 300w, https:\/\/www.mimmis-tierhilfe.de\/wp-content\/uploads\/2013\/10\/ronja-768x510.jpg 768w, https:\/\/www.mimmis-tierhilfe.de\/wp-content\/uploads\/2013\/10\/ronja-572x380.jpg 572w\" sizes=\"auto, (max-width: 900px) 100vw, 900px\" \/><\/a><\/p>\n<p>Ronja ist eine eher \u00e4ngstliche Katze. Und sie futtert gerne&#8230; Wenn sie drau\u00dfen ist (und das ist sie gerne und oft), ist sie eine stolze Tigerin, die stundenlang vor einem M\u00e4useloch sitzen kann. Sie wei\u00df, Geduld zahlt sich aus.<\/p>\n<p><strong>Nikos<\/strong><\/p>\n<p><a href=\"http:\/\/www.mimmis-katzenshop.de\/wp-content\/uploads\/2013\/10\/IMG_2265.jpg\"><img loading=\"lazy\" decoding=\"async\" class=\"alignnone size-full wp-image-521\" alt=\"IMG_2265\" src=\"http:\/\/www.mimmis-katzenshop.de\/wp-content\/uploads\/2013\/10\/IMG_2265.jpg\" width=\"2352\" height=\"1568\" srcset=\"https:\/\/www.mimmis-tierhilfe.de\/wp-content\/uploads\/2013\/10\/IMG_2265.jpg 2352w, https:\/\/www.mimmis-tierhilfe.de\/wp-content\/uploads\/2013\/10\/IMG_2265-300x200.jpg 300w, https:\/\/www.mimmis-tierhilfe.de\/wp-content\/uploads\/2013\/10\/IMG_2265-768x512.jpg 768w, https:\/\/www.mimmis-tierhilfe.de\/wp-content\/uploads\/2013\/10\/IMG_2265-1024x683.jpg 1024w, https:\/\/www.mimmis-tierhilfe.de\/wp-content\/uploads\/2013\/10\/IMG_2265-570x380.jpg 570w\" sizes=\"auto, (max-width: 2352px) 100vw, 2352px\" \/><\/a><\/p>\n<p>Nikos und Stella sind bei uns, seit sie kleine Katzenkinder waren. Man hat sie in Thessaloniki in einer M\u00fclltonne gefunden. Nikos ist blind, aber er ignoriert das einfach. Er macht einfach alles seiner ein\u00e4ugigen Schwester Stella nach. Und so hat er alles gelernt, was eine Katze so k\u00f6nnen muss.<\/p>\n<p><strong>Stella<\/strong><\/p>\n<p><a href=\"http:\/\/www.mimmis-katzenshop.de\/wp-content\/uploads\/2013\/10\/IMG_9779.jpg\"><img loading=\"lazy\" decoding=\"async\" class=\"alignnone size-full wp-image-520\" alt=\"IMG_9779\" src=\"http:\/\/www.mimmis-katzenshop.de\/wp-content\/uploads\/2013\/10\/IMG_9779.jpg\" width=\"3168\" height=\"4752\" \/><\/a><\/p>\n<p>&nbsp;<\/p>\n<p><strong>Jenia<\/strong><\/p>\n<p><a href=\"http:\/\/www.mimmis-katzenshop.de\/wp-content\/uploads\/2013\/10\/IMG_2285.jpg\"><img loading=\"lazy\" decoding=\"async\" class=\"alignnone size-full wp-image-527\" alt=\"IMG_2285\" src=\"http:\/\/www.mimmis-katzenshop.de\/wp-content\/uploads\/2013\/10\/IMG_2285.jpg\" width=\"1568\" height=\"2352\" srcset=\"https:\/\/www.mimmis-tierhilfe.de\/wp-content\/uploads\/2013\/10\/IMG_2285.jpg 1568w, https:\/\/www.mimmis-tierhilfe.de\/wp-content\/uploads\/2013\/10\/IMG_2285-200x300.jpg 200w, https:\/\/www.mimmis-tierhilfe.de\/wp-content\/uploads\/2013\/10\/IMG_2285-768x1152.jpg 768w, https:\/\/www.mimmis-tierhilfe.de\/wp-content\/uploads\/2013\/10\/IMG_2285-683x1024.jpg 683w, https:\/\/www.mimmis-tierhilfe.de\/wp-content\/uploads\/2013\/10\/IMG_2285-253x380.jpg 253w\" sizes=\"auto, (max-width: 1568px) 100vw, 1568px\" \/><\/a><\/p>\n<p>Jenia hat nur drei Beine. Man hat sie als Katzenkind geschleudert, sie war sehr schwer verletzt. Aber sie hoppelt vergn\u00fcgt durchs Leben, kann sogar auf B\u00e4ume klettern. Sie ist eine ganz liebe Katze. Und sie hat eine Leidenschaft, Cosma Snacks, daf\u00fcr tut sie alles.<\/p>\n<p><strong>Isidor<\/strong><\/p>\n<p><a href=\"http:\/\/www.mimmis-katzenshop.de\/wp-content\/uploads\/2013\/10\/IMG_9846.jpg\"><img loading=\"lazy\" decoding=\"async\" class=\"alignnone size-full wp-image-534\" alt=\"IMG_9846\" src=\"http:\/\/www.mimmis-katzenshop.de\/wp-content\/uploads\/2013\/10\/IMG_9846.jpg\" width=\"2352\" height=\"1568\" srcset=\"https:\/\/www.mimmis-tierhilfe.de\/wp-content\/uploads\/2013\/10\/IMG_9846.jpg 2352w, https:\/\/www.mimmis-tierhilfe.de\/wp-content\/uploads\/2013\/10\/IMG_9846-300x200.jpg 300w, https:\/\/www.mimmis-tierhilfe.de\/wp-content\/uploads\/2013\/10\/IMG_9846-768x512.jpg 768w, https:\/\/www.mimmis-tierhilfe.de\/wp-content\/uploads\/2013\/10\/IMG_9846-1024x683.jpg 1024w, https:\/\/www.mimmis-tierhilfe.de\/wp-content\/uploads\/2013\/10\/IMG_9846-570x380.jpg 570w\" sizes=\"auto, (max-width: 2352px) 100vw, 2352px\" \/><\/a><\/p>\n<p>Isidor ist bei uns seit er ein Tag alt ist. Kinder haben ihn gefunden, die Mutter ist nicht mehr aufgetaucht. Also haben wir ihn mit der Flasche gro\u00df gezogen. Isidor ist nun ein gro\u00dfer Kater, einer stattliche Erscheinung geworden. Aber er ist auch ein bisschen ein Dummerchen. Und er weicht seinem Herrchen nicht von der Seite und liebt diesen sehr. Drum bleibt er bei uns.<\/p>\n<p><strong>Fritzle<\/strong><\/p>\n<p><a href=\"http:\/\/www.mimmis-katzenshop.de\/wp-content\/uploads\/2013\/10\/DSC_0225.jpg\"><img loading=\"lazy\" decoding=\"async\" class=\"alignnone size-full wp-image-539\" alt=\"DSC_0225\" src=\"http:\/\/www.mimmis-katzenshop.de\/wp-content\/uploads\/2013\/10\/DSC_0225.jpg\" width=\"4928\" height=\"3264\" srcset=\"https:\/\/www.mimmis-tierhilfe.de\/wp-content\/uploads\/2013\/10\/DSC_0225.jpg 4928w, https:\/\/www.mimmis-tierhilfe.de\/wp-content\/uploads\/2013\/10\/DSC_0225-300x199.jpg 300w, https:\/\/www.mimmis-tierhilfe.de\/wp-content\/uploads\/2013\/10\/DSC_0225-768x509.jpg 768w, https:\/\/www.mimmis-tierhilfe.de\/wp-content\/uploads\/2013\/10\/DSC_0225-1024x678.jpg 1024w, https:\/\/www.mimmis-tierhilfe.de\/wp-content\/uploads\/2013\/10\/DSC_0225-574x380.jpg 574w\" sizes=\"auto, (max-width: 4928px) 100vw, 4928px\" \/><\/a><\/p>\n<p>Fritzle ist auch ein Flaschenkind und bei uns seit er eine Woche alt ist. Seine Geschwister haben ein feines Zuhause gefunden. Aber Fritzle fehlt ein Beinchen und er ist auch ein K\u00e4tzchen, das besondere F\u00fcrsorge braucht, obwohl er ein gro\u00dfer Kletterk\u00fcnstler ist. Und er ist mein Herzebopperl.<\/p>\n<p>Fotos bis auf Fritzle: Julia Rose-Greim<\/p>\n<p>&nbsp;<\/p>\n","protected":false},"excerpt":{"rendered":"<p>Paulchen, Herr im Ring Paulchen haben wir im Jahr 2004 als Katzenbaby im Wald gefunden. Seine Geschwister konnten vermittelt werden, Paulchen wollte bei uns bleiben. Happy, die Diva Happy stand 2005 bei uns vor der T\u00fcr. Sie war noch ein kleines K\u00e4tzchen, das nirgendwo vermisst wurde. Also blieb sie bei uns. Sie ist eine excellente &hellip; <a href=\"https:\/\/www.mimmis-tierhilfe.de\/?page_id=507\" class=\"more-link\">Weiterlesen <span class=\"screen-reader-text\">Katzenbande<\/span><\/a><\/p>\n","protected":false},"author":2,"featured_media":0,"parent":0,"menu_order":0,"comment_status":"closed","ping_status":"open","template":"","meta":{"footnotes":""},"class_list":["post-507","page","type-page","status-publish","hentry","without-featured-image"],"jetpack_shortlink":"https:\/\/wp.me\/P9y9lg-8b","jetpack_sharing_enabled":true,"_links":{"self":[{"href":"https:\/\/www.mimmis-tierhilfe.de\/index.php?rest_route=\/wp\/v2\/pages\/507","targetHints":{"allow":["GET"]}}],"collection":[{"href":"https:\/\/www.mimmis-tierhilfe.de\/index.php?rest_route=\/wp\/v2\/pages"}],"about":[{"href":"https:\/\/www.mimmis-tierhilfe.de\/index.php?rest_route=\/wp\/v2\/types\/page"}],"author":[{"embeddable":true,"href":"https:\/\/www.mimmis-tierhilfe.de\/index.php?rest_route=\/wp\/v2\/users\/2"}],"replies":[{"embeddable":true,"href":"https:\/\/www.mimmis-tierhilfe.de\/index.php?rest_route=%2Fwp%2Fv2%2Fcomments&post=507"}],"version-history":[{"count":0,"href":"https:\/\/www.mimmis-tierhilfe.de\/index.php?rest_route=\/wp\/v2\/pages\/507\/revisions"}],"wp:attachment":[{"href":"https:\/\/www.mimmis-tierhilfe.de\/index.php?rest_route=%2Fwp%2Fv2%2Fmedia&parent=507"}],"curies":[{"name":"wp","href":"https:\/\/api.w.org\/{rel}","templated":true}]}}