{"id":489,"date":"2013-10-12T10:36:35","date_gmt":"2013-10-12T09:36:35","guid":{"rendered":"http:\/\/netzwerk-der-nachhaltigkeit.de\/?page_id=489"},"modified":"2024-12-23T10:58:04","modified_gmt":"2024-12-23T09:58:04","slug":"projekte","status":"publish","type":"page","link":"https:\/\/www.mimmis-tierhilfe.de\/?page_id=489","title":{"rendered":"Projekte und Kosten"},"content":{"rendered":"<p><a href=\"http:\/\/www.mimmis-katzenshop.de\/wp-content\/uploads\/2013\/10\/gesundheit.jpg\"><img loading=\"lazy\" decoding=\"async\" class=\"alignnone size-full wp-image-471\" src=\"http:\/\/www.mimmis-katzenshop.de\/wp-content\/uploads\/2013\/10\/gesundheit.jpg\" alt=\"gesundheit\" width=\"689\" height=\"143\" srcset=\"https:\/\/www.mimmis-tierhilfe.de\/wp-content\/uploads\/2013\/10\/gesundheit.jpg 689w, https:\/\/www.mimmis-tierhilfe.de\/wp-content\/uploads\/2013\/10\/gesundheit-300x62.jpg 300w\" sizes=\"auto, (max-width: 689px) 100vw, 689px\" \/><\/a><\/p>\n<p>Damit Ihr wisst, wof\u00fcr die Erl\u00f6se von MIMMIs so gebraucht werden. \u00dcber die aktuellen Projekte und Sorgenk\u00e4tzchen berichte ich im Blog.<\/p>\n<p>R\u00fcckblick auf das Katzenjahr 2019: <a href=\"https:\/\/www.mimmis-tierhilfe.de\/wp-content\/uploads\/2019\/12\/Katzenjahr-2019-klein.pages.pdf\">MIMMIs Katzenjahr 2019<\/a><\/p>\n<p>R\u00fcckblick auf das Katzenjahr 2018: <a href=\"https:\/\/www.mimmis-tierhilfe.de\/wp-content\/uploads\/2018\/12\/Katzenjahr-2018-klein.pdf\">MIMMIs Katzenjahr 2018<\/a><\/p>\n<p>R\u00fcckblick auf das Katzenjahr 2017: <a href=\"http:\/\/www.mimmis-katzenshop.de\/wp-content\/uploads\/2018\/01\/Katzenjahr-20172.pdf\">MIMMIs Katzenjahr 2017<\/a><\/p>\n<p>R\u00fcckblick auf das Katzenjahr 2016: <a href=\"http:\/\/www.mimmis-katzenshop.de\/wp-content\/uploads\/2018\/01\/Katzenjahr-2016-Kopie.pdf\">MIMMIs Katzenjahr 2016<\/a><\/p>\n<p>R\u00fcckblick auf das Katzenjahr 2015: <a href=\"http:\/\/www.mimmis-katzenshop.de\/wp-content\/uploads\/2013\/10\/MIMMIs-Katzenjahr-2015-klein.pdf\" rel=\"\">MIMMIs Katzenjahr 2015<\/a><\/p>\n<p>R\u00fcckblick auf das Katzenjahr 2014: <a href=\"http:\/\/www.mimmis-katzenshop.de\/wp-content\/uploads\/2014\/12\/2014-Katzenjahr.pdf\">MIMMIs Katzenjahr 2014<\/a><\/p>\n<p>R\u00fcckblick auf das Katzenjahr 2013: <a href=\"http:\/\/www.mimmis-katzenshop.de\/wp-content\/uploads\/2013\/12\/2013-12-29-Katzenjahr2013.pdf\">MIMMIs Katzenjahr 2013<\/a><\/p>\n<p>Was im Jahr 2012 so alles los war: <a href=\"http:\/\/www.mimmis-katzenshop.de\/wp-content\/uploads\/2013\/10\/Katzenjahr2012.pdf\">MIMMIS Katzenjahr 2012<\/a><\/p>\n<p>Mein Thessaloniki-Projekt: <a href=\"http:\/\/www.mimmis-katzenshop.de\/wp-content\/uploads\/2013\/10\/09-12-Thessaloniki.pdf\">Thessaloniki<\/a><\/p>\n","protected":false},"excerpt":{"rendered":"<p>Damit Ihr wisst, wof\u00fcr die Erl\u00f6se von MIMMIs so gebraucht werden. \u00dcber die aktuellen Projekte und Sorgenk\u00e4tzchen berichte ich im Blog. R\u00fcckblick auf das Katzenjahr 2019: MIMMIs Katzenjahr 2019 R\u00fcckblick auf das Katzenjahr 2018: MIMMIs Katzenjahr 2018 R\u00fcckblick auf das Katzenjahr 2017: MIMMIs Katzenjahr 2017 R\u00fcckblick auf das Katzenjahr 2016: MIMMIs Katzenjahr 2016 R\u00fcckblick auf &hellip; <a href=\"https:\/\/www.mimmis-tierhilfe.de\/?page_id=489\" class=\"more-link\">Weiterlesen <span class=\"screen-reader-text\">Projekte und Kosten<\/span><\/a><\/p>\n","protected":false},"author":2,"featured_media":0,"parent":0,"menu_order":0,"comment_status":"closed","ping_status":"open","template":"","meta":{"footnotes":""},"class_list":["post-489","page","type-page","status-publish","hentry","without-featured-image"],"jetpack_shortlink":"https:\/\/wp.me\/P9y9lg-7T","jetpack_sharing_enabled":true,"_links":{"self":[{"href":"https:\/\/www.mimmis-tierhilfe.de\/index.php?rest_route=\/wp\/v2\/pages\/489","targetHints":{"allow":["GET"]}}],"collection":[{"href":"https:\/\/www.mimmis-tierhilfe.de\/index.php?rest_route=\/wp\/v2\/pages"}],"about":[{"href":"https:\/\/www.mimmis-tierhilfe.de\/index.php?rest_route=\/wp\/v2\/types\/page"}],"author":[{"embeddable":true,"href":"https:\/\/www.mimmis-tierhilfe.de\/index.php?rest_route=\/wp\/v2\/users\/2"}],"replies":[{"embeddable":true,"href":"https:\/\/www.mimmis-tierhilfe.de\/index.php?rest_route=%2Fwp%2Fv2%2Fcomments&post=489"}],"version-history":[{"count":5,"href":"https:\/\/www.mimmis-tierhilfe.de\/index.php?rest_route=\/wp\/v2\/pages\/489\/revisions"}],"predecessor-version":[{"id":2609,"href":"https:\/\/www.mimmis-tierhilfe.de\/index.php?rest_route=\/wp\/v2\/pages\/489\/revisions\/2609"}],"wp:attachment":[{"href":"https:\/\/www.mimmis-tierhilfe.de\/index.php?rest_route=%2Fwp%2Fv2%2Fmedia&parent=489"}],"curies":[{"name":"wp","href":"https:\/\/api.w.org\/{rel}","templated":true}]}}