{"id":46,"date":"2016-11-02T19:54:06","date_gmt":"2016-11-02T17:54:06","guid":{"rendered":"https:\/\/mimmistierheilpraxis.wordpress.com\/leistungen\/"},"modified":"2020-08-18T13:15:59","modified_gmt":"2020-08-18T11:15:59","slug":"leistungen","status":"publish","type":"page","link":"https:\/\/www.mimmis-tierhilfe.de\/?page_id=46","title":{"rendered":"Leistungen"},"content":{"rendered":"<p>Neben den T\u00e4tigkeiten als <strong>Katzenkrankenschwester<\/strong>, also der professionellen Versorgung und Pflege von kranken Tieren bei den Kunden Zuhause oder auch bei uns station\u00e4r, biete ich neben der Verhaltenstherapie auch die \u00fcblichen Leistungen einer <strong>Tierheilpraxis<\/strong> an.<\/p>\n<p>Dazu geh\u00f6ren:<\/p>\n<ul>\n<li>Fallaufnahme und Anamnese<\/li>\n<li>Allgemeine Untersuchung<\/li>\n<li>Eingehende Beratung zu alternativen Behandlungsm\u00f6glichkeiten<\/li>\n<li>Ern\u00e4hrungsberatung und BARF<\/li>\n<li>Erstellung eines Behandlungsplanes<\/li>\n<\/ul>\n<ul>\n<li>Magnetfeldresonanz<\/li>\n<li>SANUM-Therapie*<\/li>\n<li>Mykotherapie*<\/li>\n<\/ul>\n<p>Ich biete KEINE klassische Hom\u00f6opathie an, da ich dazu einfach keinen Zugang finde und nicht an die Kraft der K\u00fcgelchen glauben kann. Aber es gibt ja viele Kolleginnen, die das anbieten und bei uns im Landkreis auch zwei klassich hom\u00f6opathisch arbeitende Tier\u00e4rztinnen, die ich beide sehr empfehlen kann.<\/p>\n<p>* Ich weise darauf hin, dass diese Therapie(n) wissenschaftlich umstritten und von der Lehrmedizin nicht anerkannt ist\/sind.<\/p>\n<p><strong>Verhaltenstherapie<\/strong><\/p>\n<p>Vollgepinkelte Sofakissen, Stress und Reibereien unter den Katzen, Aggressivit\u00e4t Menschen gegen\u00fcber oder ewige Angst und Furcht. Das sind Beispiele von Problemen, denen sich Katzenbesitzer manchmal konfrontiert sehen.<\/p>\n<p>Doch was kann man tun? Das finde ich gemeinsam mit Ihnen heraus. Da ich ja Tierheilpraktikerin bin, kann ich absch\u00e4tzen, ob dem Verhalten eventuell ein gesundheitliches Problem zu Grunde liegen k\u00f6nnte. Sehr oft ist das der Fall, aber nat\u00fcrlich nicht immer. Sind die Rahmenbedingungen bzw. die Haltung die Ursache des Problems, helfe ich Ihnen, diese so zu ver\u00e4ndern, dass Katze und Mensch wieder gl\u00fccklich sein k\u00f6nnen. Dabei hilft mir nat\u00fcrlich meine langj\u00e4hrige Erfahrung mit \u00fcber 200 Pflegekatzen. Aber auch meine fundierte Ausbildung als Tierpsychologin.<\/p>\n\n\n<p><\/p>\n","protected":false},"excerpt":{"rendered":"<p>Neben den T\u00e4tigkeiten als Katzenkrankenschwester, also der professionellen Versorgung und Pflege von kranken Tieren bei den Kunden Zuhause oder auch bei uns station\u00e4r, biete ich neben der Verhaltenstherapie auch die \u00fcblichen Leistungen einer Tierheilpraxis an. Dazu geh\u00f6ren: Fallaufnahme und Anamnese Allgemeine Untersuchung Eingehende Beratung zu alternativen Behandlungsm\u00f6glichkeiten Ern\u00e4hrungsberatung und BARF Erstellung eines Behandlungsplanes Magnetfeldresonanz SANUM-Therapie* &hellip; <a href=\"https:\/\/www.mimmis-tierhilfe.de\/?page_id=46\" class=\"more-link\">Weiterlesen <span class=\"screen-reader-text\">Leistungen<\/span><\/a><\/p>\n","protected":false},"author":1,"featured_media":60,"parent":0,"menu_order":0,"comment_status":"closed","ping_status":"closed","template":"","meta":{"footnotes":""},"class_list":["post-46","page","type-page","status-publish","has-post-thumbnail","hentry","with-featured-image"],"jetpack_shortlink":"https:\/\/wp.me\/P9y9lg-K","jetpack_sharing_enabled":true,"_links":{"self":[{"href":"https:\/\/www.mimmis-tierhilfe.de\/index.php?rest_route=\/wp\/v2\/pages\/46","targetHints":{"allow":["GET"]}}],"collection":[{"href":"https:\/\/www.mimmis-tierhilfe.de\/index.php?rest_route=\/wp\/v2\/pages"}],"about":[{"href":"https:\/\/www.mimmis-tierhilfe.de\/index.php?rest_route=\/wp\/v2\/types\/page"}],"author":[{"embeddable":true,"href":"https:\/\/www.mimmis-tierhilfe.de\/index.php?rest_route=\/wp\/v2\/users\/1"}],"replies":[{"embeddable":true,"href":"https:\/\/www.mimmis-tierhilfe.de\/index.php?rest_route=%2Fwp%2Fv2%2Fcomments&post=46"}],"version-history":[{"count":4,"href":"https:\/\/www.mimmis-tierhilfe.de\/index.php?rest_route=\/wp\/v2\/pages\/46\/revisions"}],"predecessor-version":[{"id":2438,"href":"https:\/\/www.mimmis-tierhilfe.de\/index.php?rest_route=\/wp\/v2\/pages\/46\/revisions\/2438"}],"wp:featuredmedia":[{"embeddable":true,"href":"https:\/\/www.mimmis-tierhilfe.de\/index.php?rest_route=\/wp\/v2\/media\/60"}],"wp:attachment":[{"href":"https:\/\/www.mimmis-tierhilfe.de\/index.php?rest_route=%2Fwp%2Fv2%2Fmedia&parent=46"}],"curies":[{"name":"wp","href":"https:\/\/api.w.org\/{rel}","templated":true}]}}