{"id":2373,"date":"2016-11-02T13:25:13","date_gmt":"2016-11-02T11:25:13","guid":{"rendered":"https:\/\/mimmistierheilpraxis.wordpress.com\/?page_id=2"},"modified":"2020-08-18T14:17:29","modified_gmt":"2020-08-18T12:17:29","slug":"ueber","status":"publish","type":"page","link":"https:\/\/www.mimmis-tierhilfe.de\/?page_id=2373","title":{"rendered":"\u00dcber mich"},"content":{"rendered":"<p>Ich bin Ulli, nun 53 Jahre alt und lebe mit meinem Mann und unseren Katzen in einem kleinen Dorf in Unterfranken. Ich bin selbst\u00e4ndige Geographin und K\u00f6chin.\u00a0 Als Drittberuf bin ich Tierheilprakitkerin und Katzenkrankenschwester. Und pflege hier bei uns in unserem sch\u00f6nen Haus mit dem ganz gro\u00dfen Garten kranke K\u00e4tzchen gesund, so dass sie ein Zuhause bei lieben Menschen finden k\u00f6nnen. Jede dieser mittlerweile\u00a0 schon \u00fcber 200 Katzen waren sehr krank, oft vernachl\u00e4ssigt und vom Tode bedroht. Es waren kranke Katzenkinder direkt von der Stra\u00dfe, alte und chronisch kranke Tiere, die keiner mehr haben wollte oder Tiere mit Behinderungen. Den allermeisten haben wir helfen k\u00f6nnen und sie sind gesund geworden und geniessen nun ihr Leben in einer lieben Familie oder wenn sie nicht vermittelbar waren und sind, bei uns.<\/p>\n","protected":false},"excerpt":{"rendered":"<p>Dies ist nur eine Kurzfassung der Seite&amp;nbsp;\u201e\u00dcber\u201c.<\/p>\n","protected":false},"author":1,"featured_media":61,"parent":0,"menu_order":1,"comment_status":"closed","ping_status":"closed","template":"","meta":{"footnotes":""},"class_list":["post-2373","page","type-page","status-publish","has-post-thumbnail","hentry","with-featured-image"],"jetpack_shortlink":"https:\/\/wp.me\/P9y9lg-Ch","jetpack_sharing_enabled":false,"_links":{"self":[{"href":"https:\/\/www.mimmis-tierhilfe.de\/index.php?rest_route=\/wp\/v2\/pages\/2373","targetHints":{"allow":["GET"]}}],"collection":[{"href":"https:\/\/www.mimmis-tierhilfe.de\/index.php?rest_route=\/wp\/v2\/pages"}],"about":[{"href":"https:\/\/www.mimmis-tierhilfe.de\/index.php?rest_route=\/wp\/v2\/types\/page"}],"author":[{"embeddable":true,"href":"https:\/\/www.mimmis-tierhilfe.de\/index.php?rest_route=\/wp\/v2\/users\/1"}],"replies":[{"embeddable":true,"href":"https:\/\/www.mimmis-tierhilfe.de\/index.php?rest_route=%2Fwp%2Fv2%2Fcomments&post=2373"}],"version-history":[{"count":1,"href":"https:\/\/www.mimmis-tierhilfe.de\/index.php?rest_route=\/wp\/v2\/pages\/2373\/revisions"}],"predecessor-version":[{"id":2454,"href":"https:\/\/www.mimmis-tierhilfe.de\/index.php?rest_route=\/wp\/v2\/pages\/2373\/revisions\/2454"}],"wp:featuredmedia":[{"embeddable":true,"href":"https:\/\/www.mimmis-tierhilfe.de\/index.php?rest_route=\/wp\/v2\/media\/61"}],"wp:attachment":[{"href":"https:\/\/www.mimmis-tierhilfe.de\/index.php?rest_route=%2Fwp%2Fv2%2Fmedia&parent=2373"}],"curies":[{"name":"wp","href":"https:\/\/api.w.org\/{rel}","templated":true}]}}