{"id":2164,"date":"2019-03-23T22:28:41","date_gmt":"2019-03-23T21:28:41","guid":{"rendered":"https:\/\/www.mimmis-tierhilfe.de\/?page_id=2164"},"modified":"2019-03-23T22:28:42","modified_gmt":"2019-03-23T21:28:42","slug":"peggy-und-hope-suchen-gemeinsam-ein-zuhause","status":"publish","type":"page","link":"https:\/\/www.mimmis-tierhilfe.de\/?page_id=2164","title":{"rendered":"Peggy und Hope suchen gemeinsam ein Zuhause"},"content":{"rendered":"\n<h2 class=\"wp-block-heading\"><\/h2>\n\n\n\n<p>Peggy (*7\/2018) kam als kleines total verrotztes Katzenm\u00e4dchen zu uns, sie wurde ganz in der N\u00e4he an einem M\u00fcllcontainer aufgegriffen. Bei uns hat sie Hope (*4\/2018) kennen gelernt. Hope ist aus Kairo und wurde von einer jungen Frau nach einem Autounfall auf der Stra\u00dfe aufgelesen. Er ist seit Dezember 2019 bei uns. Hope ist gel\u00e4hmt. Er kann sich aber prima fortbewegen, denn er setzt seine Beine auch ein bisschen ein. Er ist leider inkontinent, l\u00e4sst sich aber Windeln gut gefallen. Peggy war vermittelt in ein ganz feines Zuhause. Dort hat sie aber drei Tage nicht gefressen und wir haben sie wieder abgeholt. Kaum war sie hier, hat Hope ihr K\u00f6pfchen geschleckt und der Hunger war wieder da. Die beiden sind ganz eng miteinander. Ist Peggy aus dem Zimmer, in dem Hope untergebracht ist, f\u00e4ngt er an zu weinen. Also geht sie schnell wieder zu ihm zur\u00fcck &#8211; es ist eine ganz gro\u00dfe Liebe.Also suchen die beiden nun zusammen.&nbsp;Sie sind auf der Suche nach einem Zuhause in Wohnungshaltung. Ein Zuhause, das bereit ist, eine gel\u00e4hmte Katze zu pflegen. Hope ist ein ganz goldiger und menchenfreundlicher Kater und l\u00e4sst sich alles gefallen. Peggy ist ein zartes Katzenm\u00e4dchen, die ein bisschen braucht, bis sie Zutrauen zu unbekannten Menschen gefasst hat.Beide sind kastriert und haben einen Chip. Hope ist komplett geimpft und hat alle Bluttests. Beide sind komplett gesund, Hope halt gel\u00e4hmt.Wer hat ein Herz f\u00fcr das besondere Duo?<br><\/p>\n\n\n\n<p><\/p>\n\n\n\n<figure class=\"wp-block-image\"><img loading=\"lazy\" decoding=\"async\" width=\"700\" height=\"467\" src=\"https:\/\/www.mimmis-tierhilfe.de\/wp-content\/uploads\/2019\/03\/hope1.jpg\" alt=\"\" class=\"wp-image-2165\" srcset=\"https:\/\/www.mimmis-tierhilfe.de\/wp-content\/uploads\/2019\/03\/hope1.jpg 700w, https:\/\/www.mimmis-tierhilfe.de\/wp-content\/uploads\/2019\/03\/hope1-300x200.jpg 300w, https:\/\/www.mimmis-tierhilfe.de\/wp-content\/uploads\/2019\/03\/hope1-570x380.jpg 570w\" sizes=\"auto, (max-width: 700px) 100vw, 700px\" \/><figcaption>Hope<br><br><\/figcaption><\/figure>\n\n\n\n<figure class=\"wp-block-image\"><img loading=\"lazy\" decoding=\"async\" width=\"700\" height=\"467\" src=\"https:\/\/www.mimmis-tierhilfe.de\/wp-content\/uploads\/2019\/03\/hope3.jpg\" alt=\"\" class=\"wp-image-2166\" srcset=\"https:\/\/www.mimmis-tierhilfe.de\/wp-content\/uploads\/2019\/03\/hope3.jpg 700w, https:\/\/www.mimmis-tierhilfe.de\/wp-content\/uploads\/2019\/03\/hope3-300x200.jpg 300w, https:\/\/www.mimmis-tierhilfe.de\/wp-content\/uploads\/2019\/03\/hope3-570x380.jpg 570w\" sizes=\"auto, (max-width: 700px) 100vw, 700px\" \/><\/figure>\n\n\n\n<figure class=\"wp-block-image\"><img loading=\"lazy\" decoding=\"async\" width=\"700\" height=\"467\" src=\"https:\/\/www.mimmis-tierhilfe.de\/wp-content\/uploads\/2019\/03\/peggy1.jpg\" alt=\"\" class=\"wp-image-2167\" srcset=\"https:\/\/www.mimmis-tierhilfe.de\/wp-content\/uploads\/2019\/03\/peggy1.jpg 700w, https:\/\/www.mimmis-tierhilfe.de\/wp-content\/uploads\/2019\/03\/peggy1-300x200.jpg 300w, https:\/\/www.mimmis-tierhilfe.de\/wp-content\/uploads\/2019\/03\/peggy1-570x380.jpg 570w\" sizes=\"auto, (max-width: 700px) 100vw, 700px\" \/><figcaption>Peggy<\/figcaption><\/figure>\n\n\n\n<figure class=\"wp-block-image\"><img loading=\"lazy\" decoding=\"async\" width=\"700\" height=\"467\" src=\"https:\/\/www.mimmis-tierhilfe.de\/wp-content\/uploads\/2019\/03\/peggy2.jpg\" alt=\"\" class=\"wp-image-2168\" srcset=\"https:\/\/www.mimmis-tierhilfe.de\/wp-content\/uploads\/2019\/03\/peggy2.jpg 700w, https:\/\/www.mimmis-tierhilfe.de\/wp-content\/uploads\/2019\/03\/peggy2-300x200.jpg 300w, https:\/\/www.mimmis-tierhilfe.de\/wp-content\/uploads\/2019\/03\/peggy2-570x380.jpg 570w\" sizes=\"auto, (max-width: 700px) 100vw, 700px\" \/><\/figure>\n\n\n\n<figure class=\"wp-block-image\"><img loading=\"lazy\" decoding=\"async\" width=\"700\" height=\"467\" src=\"https:\/\/www.mimmis-tierhilfe.de\/wp-content\/uploads\/2019\/03\/hope2.jpg\" alt=\"\" class=\"wp-image-2169\" srcset=\"https:\/\/www.mimmis-tierhilfe.de\/wp-content\/uploads\/2019\/03\/hope2.jpg 700w, https:\/\/www.mimmis-tierhilfe.de\/wp-content\/uploads\/2019\/03\/hope2-300x200.jpg 300w, https:\/\/www.mimmis-tierhilfe.de\/wp-content\/uploads\/2019\/03\/hope2-570x380.jpg 570w\" sizes=\"auto, (max-width: 700px) 100vw, 700px\" \/><\/figure>\n","protected":false},"excerpt":{"rendered":"<p>Peggy (*7\/2018) kam als kleines total verrotztes Katzenm\u00e4dchen zu uns, sie wurde ganz in der N\u00e4he an einem M\u00fcllcontainer aufgegriffen. Bei uns hat sie Hope (*4\/2018) kennen gelernt. Hope ist aus Kairo und wurde von einer jungen Frau nach einem Autounfall auf der Stra\u00dfe aufgelesen. Er ist seit Dezember 2019 bei uns. Hope ist gel\u00e4hmt. &hellip; <a href=\"https:\/\/www.mimmis-tierhilfe.de\/?page_id=2164\" class=\"more-link\">Weiterlesen <span class=\"screen-reader-text\">Peggy und Hope suchen gemeinsam ein Zuhause<\/span><\/a><\/p>\n","protected":false},"author":1,"featured_media":0,"parent":0,"menu_order":0,"comment_status":"closed","ping_status":"closed","template":"","meta":{"footnotes":""},"class_list":["post-2164","page","type-page","status-publish","hentry","without-featured-image"],"jetpack_shortlink":"https:\/\/wp.me\/P9y9lg-yU","jetpack_sharing_enabled":true,"_links":{"self":[{"href":"https:\/\/www.mimmis-tierhilfe.de\/index.php?rest_route=\/wp\/v2\/pages\/2164","targetHints":{"allow":["GET"]}}],"collection":[{"href":"https:\/\/www.mimmis-tierhilfe.de\/index.php?rest_route=\/wp\/v2\/pages"}],"about":[{"href":"https:\/\/www.mimmis-tierhilfe.de\/index.php?rest_route=\/wp\/v2\/types\/page"}],"author":[{"embeddable":true,"href":"https:\/\/www.mimmis-tierhilfe.de\/index.php?rest_route=\/wp\/v2\/users\/1"}],"replies":[{"embeddable":true,"href":"https:\/\/www.mimmis-tierhilfe.de\/index.php?rest_route=%2Fwp%2Fv2%2Fcomments&post=2164"}],"version-history":[{"count":1,"href":"https:\/\/www.mimmis-tierhilfe.de\/index.php?rest_route=\/wp\/v2\/pages\/2164\/revisions"}],"predecessor-version":[{"id":2170,"href":"https:\/\/www.mimmis-tierhilfe.de\/index.php?rest_route=\/wp\/v2\/pages\/2164\/revisions\/2170"}],"wp:attachment":[{"href":"https:\/\/www.mimmis-tierhilfe.de\/index.php?rest_route=%2Fwp%2Fv2%2Fmedia&parent=2164"}],"curies":[{"name":"wp","href":"https:\/\/api.w.org\/{rel}","templated":true}]}}