{"id":2138,"date":"2019-01-05T16:57:51","date_gmt":"2019-01-05T15:57:51","guid":{"rendered":"https:\/\/www.mimmis-tierhilfe.de\/?page_id=2138"},"modified":"2019-03-23T22:31:11","modified_gmt":"2019-03-23T21:31:11","slug":"blinde-kater-ramy-und-yanis-suchen-ein-zuhause","status":"publish","type":"page","link":"https:\/\/www.mimmis-tierhilfe.de\/?page_id=2138","title":{"rendered":"Blinde Kater Ramy und Yanis suchen ein Zuhause"},"content":{"rendered":"\n<p>UPDATE: Yanis hat ein ganz tolles Zuhause in W\u00fcrburg gefunden. Ramy hat es auch supergut getroffen und ist nun ein M\u00fcnchner.<\/p>\n\n\n\n<p>Die beiden blinden Kater (*08\/2017) suchen ein sch\u00f6nes Zuhause. Das muss gar nicht gro\u00df sein und es muss auch nicht eines f\u00fcr beide zusammen sein. Aber es sollte ein ruhiges Zuhause sein.<br>Die beiden sch\u00f6nen Kater sind auf den Stra\u00dfen Kairos geboren und dort erblindet (auf Grund von nicht behandeltem Katzenschnupfen). Sie wurden von einem Mann versorgt und sie haben sich quasi nicht von der Futterstelle wegbewegt. Als der Mann weggezogen ist, hat er sie bei einem sehr engagierten Tierarzt abgegeben. Da niemand sie aufnehmen konnte und man sie sonst h\u00e4tte einschl\u00e4fern m\u00fcssen, kamen sie zu uns.<br>Beide haben eine Eingw\u00f6hnungszeit gebraucht. Aber nun sind sie unkomplizierte Kerlchen. Ramy (schwarz-wei\u00df) ist ein gro\u00dfer Schmuser. Yanis ist vorsichtig.<br>Beide sind kastriert, komplett geimpft, haben einen Chip und einen Tierausweis mit Tollwuttiternachweis.<br>Sie werden nach einem Kennenlernen hier bei uns in 97528 Sulzdorf mit Schutzvertrag abgegeben. <br>Fotos: <a href=\"https:\/\/www.facebook.com\/nelliekirchnerfotografie\/?__tn__=K-R&amp;eid=ARB1VxskDB8JUFEMPhuHGn9aILfMf3k_9RCsH4iylK13BX853r-gvnMxZfnHOP0HZvWtD3QwO-yPePQX&amp;fref=mentions&amp;__xts__%5B0%5D=68.ARAJhNZ_3rQTrYjcJn9RKjqfGtOOGOGXhmPFykOpelLP-fa1bWwwWQAebMxlzCBh5_NE8biZMq8wksG4P6_N1qKNt32-kKKiSZAb2OZmev9_GyiwgvVKgjo2a-LIdlP3lVE60jMRlsHEAxsSQwv_UqyzcdTJfkx98EsxLas6_tnCtVSmzITlocCios7WBy_sERMNvatM1XjM9779\">Nellie Kirchner Fotografie<\/a><\/p>\n\n\n\n<ul class=\"wp-block-gallery columns-2 is-cropped wp-block-gallery-1 is-layout-flex wp-block-gallery-is-layout-flex\"><li class=\"blocks-gallery-item\"><figure><img loading=\"lazy\" decoding=\"async\" width=\"1024\" height=\"683\" src=\"https:\/\/www.mimmis-tierhilfe.de\/wp-content\/uploads\/2019\/01\/20190103-6N3A6321-1024x683.jpg\" alt=\"\" data-id=\"2142\" class=\"wp-image-2142\" srcset=\"https:\/\/www.mimmis-tierhilfe.de\/wp-content\/uploads\/2019\/01\/20190103-6N3A6321-1024x683.jpg 1024w, https:\/\/www.mimmis-tierhilfe.de\/wp-content\/uploads\/2019\/01\/20190103-6N3A6321-300x200.jpg 300w, https:\/\/www.mimmis-tierhilfe.de\/wp-content\/uploads\/2019\/01\/20190103-6N3A6321-768x512.jpg 768w, https:\/\/www.mimmis-tierhilfe.de\/wp-content\/uploads\/2019\/01\/20190103-6N3A6321-570x380.jpg 570w\" sizes=\"auto, (max-width: 1024px) 100vw, 1024px\" \/><\/figure><\/li><li class=\"blocks-gallery-item\"><figure><img loading=\"lazy\" decoding=\"async\" width=\"683\" height=\"1024\" src=\"https:\/\/www.mimmis-tierhilfe.de\/wp-content\/uploads\/2019\/01\/20190103-6N3A6337-1-683x1024.jpg\" alt=\"\" data-id=\"2143\" data-link=\"https:\/\/www.mimmis-tierhilfe.de\/?attachment_id=2143#main\" class=\"wp-image-2143\" srcset=\"https:\/\/www.mimmis-tierhilfe.de\/wp-content\/uploads\/2019\/01\/20190103-6N3A6337-1-683x1024.jpg 683w, https:\/\/www.mimmis-tierhilfe.de\/wp-content\/uploads\/2019\/01\/20190103-6N3A6337-1-200x300.jpg 200w, https:\/\/www.mimmis-tierhilfe.de\/wp-content\/uploads\/2019\/01\/20190103-6N3A6337-1-768x1152.jpg 768w, https:\/\/www.mimmis-tierhilfe.de\/wp-content\/uploads\/2019\/01\/20190103-6N3A6337-1-253x380.jpg 253w\" sizes=\"auto, (max-width: 683px) 100vw, 683px\" \/><\/figure><\/li><\/ul>\n","protected":false},"excerpt":{"rendered":"<p>UPDATE: Yanis hat ein ganz tolles Zuhause in W\u00fcrburg gefunden. Ramy hat es auch supergut getroffen und ist nun ein M\u00fcnchner. Die beiden blinden Kater (*08\/2017) suchen ein sch\u00f6nes Zuhause. Das muss gar nicht gro\u00df sein und es muss auch nicht eines f\u00fcr beide zusammen sein. Aber es sollte ein ruhiges Zuhause sein.Die beiden sch\u00f6nen &hellip; <a href=\"https:\/\/www.mimmis-tierhilfe.de\/?page_id=2138\" class=\"more-link\">Weiterlesen <span class=\"screen-reader-text\">Blinde Kater Ramy und Yanis suchen ein Zuhause<\/span><\/a><\/p>\n","protected":false},"author":1,"featured_media":0,"parent":0,"menu_order":0,"comment_status":"closed","ping_status":"closed","template":"","meta":{"footnotes":""},"class_list":["post-2138","page","type-page","status-publish","hentry","without-featured-image"],"jetpack_shortlink":"https:\/\/wp.me\/P9y9lg-yu","jetpack_sharing_enabled":true,"_links":{"self":[{"href":"https:\/\/www.mimmis-tierhilfe.de\/index.php?rest_route=\/wp\/v2\/pages\/2138","targetHints":{"allow":["GET"]}}],"collection":[{"href":"https:\/\/www.mimmis-tierhilfe.de\/index.php?rest_route=\/wp\/v2\/pages"}],"about":[{"href":"https:\/\/www.mimmis-tierhilfe.de\/index.php?rest_route=\/wp\/v2\/types\/page"}],"author":[{"embeddable":true,"href":"https:\/\/www.mimmis-tierhilfe.de\/index.php?rest_route=\/wp\/v2\/users\/1"}],"replies":[{"embeddable":true,"href":"https:\/\/www.mimmis-tierhilfe.de\/index.php?rest_route=%2Fwp%2Fv2%2Fcomments&post=2138"}],"version-history":[{"count":3,"href":"https:\/\/www.mimmis-tierhilfe.de\/index.php?rest_route=\/wp\/v2\/pages\/2138\/revisions"}],"predecessor-version":[{"id":2172,"href":"https:\/\/www.mimmis-tierhilfe.de\/index.php?rest_route=\/wp\/v2\/pages\/2138\/revisions\/2172"}],"wp:attachment":[{"href":"https:\/\/www.mimmis-tierhilfe.de\/index.php?rest_route=%2Fwp%2Fv2%2Fmedia&parent=2138"}],"curies":[{"name":"wp","href":"https:\/\/api.w.org\/{rel}","templated":true}]}}