{"id":1254,"date":"2014-10-05T12:27:02","date_gmt":"2014-10-05T11:27:02","guid":{"rendered":"http:\/\/www.mimmis-katzenshop.de\/?page_id=1254"},"modified":"2014-10-05T12:27:02","modified_gmt":"2014-10-05T11:27:02","slug":"familenkaetzschen-tscharlie-und-merle","status":"publish","type":"page","link":"https:\/\/www.mimmis-tierhilfe.de\/?page_id=1254","title":{"rendered":"Familenk\u00e4tzchen Tscharlie und Merle"},"content":{"rendered":"<p>Katerchen Tscharlie und Katzenm\u00e4dchen Merle wurden zusammen mit ihrer Schwester total verwahrlost und mit starkem Katzschnupfen auf einem Bauernhof aufgegriffen. Nun sind sie gesund, voller Tatendrang und Neugier und suchen ein liebevolles Zuhause, gerne bei Familien mit Kindern. Tscharlie ist ein ganz gro\u00dfer Schmuser, Merle ist immer f\u00fcr jeden Spa\u00df zu haben und immer fr\u00f6hlich. Beide sind nun 12 Wochen alt und gechiped.<br \/>\nFreigang brauchen die beiden Tigerchen nicht unbedingt, aber ein gesicherter Balkon w\u00e4re sch\u00f6n. Die K\u00e4tzchen werden zusammen oder auch getrennt (dann aber nicht in Einzelhaltung) gegen einen Beitrag f\u00fcr MIMMIs Katzenkasse abgegeben. Gerne werden sie in ihr neues Zuhause gebracht.<br \/>\nUlrike Lilienbecker, info(at)mimmis-katzenshop.de<br \/>\n<a href=\"http:\/\/www.mimmis-katzenshop.de\/wp-content\/uploads\/2014\/10\/2014-10-05-charlie.jpg\"><img loading=\"lazy\" decoding=\"async\" src=\"http:\/\/www.mimmis-katzenshop.de\/wp-content\/uploads\/2014\/10\/2014-10-05-charlie.jpg\" alt=\"2014-10-05-charlie\" width=\"700\" height=\"700\" class=\"alignnone size-full wp-image-1259\" \/><\/a><\/p>\n<p><a href=\"http:\/\/www.mimmis-katzenshop.de\/wp-content\/uploads\/2014\/10\/2014-10-05-merle1.jpg\"><img loading=\"lazy\" decoding=\"async\" src=\"http:\/\/www.mimmis-katzenshop.de\/wp-content\/uploads\/2014\/10\/2014-10-05-merle1.jpg\" alt=\"2014-10-05-merle1\" width=\"700\" height=\"700\" class=\"alignnone size-full wp-image-1260\" \/><\/a><\/p>\n<p><a href=\"http:\/\/www.mimmis-katzenshop.de\/wp-content\/uploads\/2014\/10\/2015-10-05-tscharlie2.jpg\"><img loading=\"lazy\" decoding=\"async\" src=\"http:\/\/www.mimmis-katzenshop.de\/wp-content\/uploads\/2014\/10\/2015-10-05-tscharlie2.jpg\" alt=\"2015-10-05-tscharlie2\" width=\"700\" height=\"700\" class=\"alignnone size-full wp-image-1262\" \/><\/a><\/p>\n","protected":false},"excerpt":{"rendered":"<p>Katerchen Tscharlie und Katzenm\u00e4dchen Merle wurden zusammen mit ihrer Schwester total verwahrlost und mit starkem Katzschnupfen auf einem Bauernhof aufgegriffen. Nun sind sie gesund, voller Tatendrang und Neugier und suchen ein liebevolles Zuhause, gerne bei Familien mit Kindern. Tscharlie ist ein ganz gro\u00dfer Schmuser, Merle ist immer f\u00fcr jeden Spa\u00df zu haben und immer fr\u00f6hlich. &hellip; <a href=\"https:\/\/www.mimmis-tierhilfe.de\/?page_id=1254\" class=\"more-link\">Weiterlesen <span class=\"screen-reader-text\">Familenk\u00e4tzchen Tscharlie und Merle<\/span><\/a><\/p>\n","protected":false},"author":2,"featured_media":0,"parent":0,"menu_order":0,"comment_status":"closed","ping_status":"open","template":"","meta":{"footnotes":""},"class_list":["post-1254","page","type-page","status-publish","hentry","without-featured-image"],"jetpack_shortlink":"https:\/\/wp.me\/P9y9lg-ke","jetpack_sharing_enabled":true,"_links":{"self":[{"href":"https:\/\/www.mimmis-tierhilfe.de\/index.php?rest_route=\/wp\/v2\/pages\/1254","targetHints":{"allow":["GET"]}}],"collection":[{"href":"https:\/\/www.mimmis-tierhilfe.de\/index.php?rest_route=\/wp\/v2\/pages"}],"about":[{"href":"https:\/\/www.mimmis-tierhilfe.de\/index.php?rest_route=\/wp\/v2\/types\/page"}],"author":[{"embeddable":true,"href":"https:\/\/www.mimmis-tierhilfe.de\/index.php?rest_route=\/wp\/v2\/users\/2"}],"replies":[{"embeddable":true,"href":"https:\/\/www.mimmis-tierhilfe.de\/index.php?rest_route=%2Fwp%2Fv2%2Fcomments&post=1254"}],"version-history":[{"count":0,"href":"https:\/\/www.mimmis-tierhilfe.de\/index.php?rest_route=\/wp\/v2\/pages\/1254\/revisions"}],"wp:attachment":[{"href":"https:\/\/www.mimmis-tierhilfe.de\/index.php?rest_route=%2Fwp%2Fv2%2Fmedia&parent=1254"}],"curies":[{"name":"wp","href":"https:\/\/api.w.org\/{rel}","templated":true}]}}